259 = 0. Suppose 0 = 4*d - 2*d - j. Let v = -18 + d. What is the tens digit of v?
2
What is the hundreds digit of 1*8155/15 - (-7)/21?
5
Let d(l) = 31*l + 152. What is the units digit of d(10)?
2
Let z(m) = -2*m**3 - 36*m**2 - 19*m - 16. What is the hundreds digit of z(-18)?
3
Suppose 0 = -q - 2 + 6. Suppose q*z + 3 = 15. Let t = z + 4. What is the units digit of t?
7
Let l(h) = 3*h**2 + 0*h**2 + 30 - 4*h**3 + 3*h**3 - 2*h**2 - h. Let u be -1 - (3/1 - 4). What is the units digit of l(u)?
0
Suppose 1092 = b - 3*z - 237, -6629 = -5*b - z. What is the units digit of b?
6
Suppose p = 61 + 19. Let h = -33 + p. What is the tens digit of h?
4
Let y = 12 + 11. Let z = y + 43. What is the tens digit of z?
6
Suppose -4*t + 0*t = -28. Let l(z) = -3 - 48*z + 1 - t*z + 0*z. What is the units digit of l(-1)?
3
Suppose 5 = 3*o - 1. Let n be ((-156)/(-18))/(o/3). Let s = n - -8. What is the tens digit of s?
2
Suppose 13*z - 12*z = -4. What is the units digit of (2 + -62)*4/z?
0
Suppose -5*p + 61 = -5*i - 224, -2*p + 113 = -i. Let d = p - 11. What is the tens digit of d?
4
Suppose 0*i + i = 5*d - 362, d - 4*i = 80. Let l = -7 + 16. Suppose 5*t - q + 5*q - d = 0, -3*q = -l. What is the tens digit of t?
1
Suppose -48 = -11*v + 8*v. What is the tens digit of v?
1
What is the tens digit of (-532)/(-10)*((-77)/22 - -6)?
3
Suppose 2*g + 2*b = 4, -2*g - 2*g + 9 = 3*b. Let f(x) = 4*x**3 + x**2 - x - 7. What is the units digit of f(g)?
7
Suppose -3*c = -3 - 12. Suppose -l + c*o + 122 = 0, -4*o + o - 720 = -5*l. What is the hundreds digit of l?
1
Suppose 0 = -b + 762 - 114. Suppose 1722 = 15*q - b. What is the units digit of q?
8
Let n(y) = 118*y**2 + 96*y + 654. What is the units digit of n(-7)?
4
Let v be (-4 + 28/8)*-4. Let a be ((-3)/v)/(51/272). What is the units digit of ((-98)/(-8))/((-2)/a)?
9
Let w(y) be the second derivative of -y**3/2 + y**2 + 8*y. What is the tens digit of w(-7)?
2
Suppose -5*j = 3*v - 7, -14 = -3*v - 2. Let s(k) = 1 - 6*k + 0*k + 6*k + 12*k**2. What is the tens digit of s(j)?
1
Suppose 0 = -31*h + 36*h + 20. What is the tens digit of (87/2 - -5)/((-2)/h)?
9
Let d(o) = -o**3 + 10*o**2 + 25*o - 3. What is the hundreds digit of d(-5)?
2
Suppose -4*j - 2*z + 48 = 0, -2*j + 4*z + 4 = -0. Let x(u) = u + 19 + j - 9. What is the tens digit of x(-9)?
1
Let q = 126 + -126. Let r(x) = 4*x + 285. What is the hundreds digit of r(q)?
2
Suppose -k - 4*t + 12 = -2*k, 2*t = 2*k. What is the units digit of 2/(1 - 3/(15/k))?
0
Suppose 51*t = -3375 + 117921. What is the units digit of t?
6
Let y = -184 + 101. Let v = 170 + y. What is the tens digit of v?
8
What is the tens digit of 18/(2 + 1) + 1923 + 4?
3
Let k = 139 - 68. Let u(n) = n**2 - 6*n + 24. Let v be u(7). Let b = k - v. What is the units digit of b?
0
Let f(w) = -w**3 - 4*w**2 + 4*w - 2. Let q(a) = a**3 - 7*a**2 - 9*a + 2. Let n be q(8). What is the tens digit of f(n)?
4
Let b = 98 + -39. Let s(y) = -y**2 - 21*y + 59. Let q be s(4). Let c = b + q. What is the tens digit of c?
1
Suppose 0 = -0*p - p + 5. Suppose 0 = p*t - 3*t - 16. Suppose 0 = 5*g + t*d - 3*d - 205, -2*g + 82 = -2*d. What is the tens digit of g?
4
Let w(j) = j**3 - 9*j**2 + 9*j + 11. Let v = -14 + 20. Let h be v*(1 + (-3)/(-9)). What is the units digit of w(h)?
9
Let k(d) = 10*d + 25. Let s(r) = 11*r + 24. Let z(j) = -4*k(j) + 5*s(j). What is the units digit of z(11)?
5
Let d = -177 - -271. What is the tens digit of d?
9
Let z(j) be the first derivative of 5*j**4/4 - 2*j**3 - j**2/2 + 9*j - 42. What is the units digit of z(4)?
9
Let n(y) = y**2 + 2*y + 19. Let d be n(-8). Suppose 2*a = a + 4. Suppose 9*i - a*i = 3*h - d, -h = -5*i - 39. What is the units digit of h?
4
Let j be (-2)/9 + (-665)/45. Let q = -13 - j. What is the units digit of -1 - -1 - (q - 17)?
5
Let p = -317 + 447. What is the hundreds digit of p?
1
Let x(w) = -6*w**2 - 2*w - 6. Let s be x(-4). Let j = 235 + -282. Let z = j - s. What is the tens digit of z?
4
Let l(b) = 3*b**2 - 46*b + 939. What is the thousands digit of l(32)?
2
Let l be (-69988)/(-76) + (-2)/(-19). Suppose -3*y - l = -4*f, -f - 3*y = -92 - 142. What is the tens digit of f?
3
Let w be (-2)/1 + 3 - -1. Suppose w*d = -3*g + 5*g + 6, -3 = -g - d. Suppose 8*v - 3*v - 150 = g. What is the units digit of v?
0
Suppose 468 = 3*k - 1050. What is the hundreds digit of k?
5
Let b = 2605 - 1780. What is the hundreds digit of b?
8
Suppose -60*o - 23*o + 44156 = 0. What is the hundreds digit of o?
5
Suppose 0 = -l - 4*j + 12 - 0, 4*l = -5*j + 48. What is the tens digit of l?
1
Suppose 0 = 49*n - 47*n - 594. What is the hundreds digit of n?
2
Suppose -3*o - 2 + 14 = 0. Suppose 5*g - o*g = 0. Suppose k - 13 = -g. What is the units digit of k?
3
Let g(z) = z**2 + z - 3. Let i be g(0). Let t = i - -128. Suppose 7*b = 2*b + t. What is the tens digit of b?
2
Let l(m) = -8*m - 67. Let v be l(-9). Suppose -v*n + 795 = -3*u, 636 = 4*n - u - u. What is the hundreds digit of n?
1
Suppose 2*r = -r - 5*m - 70, -3*r - 25 = -4*m. Let y be ((-18)/(-27))/((-2)/r). Suppose -1 - y = -2*n. What is the units digit of n?
3
Suppose c = -0 + 2. Suppose 0*v - c*v - 12 = 0. Let b(z) = -7*z + 8. What is the units digit of b(v)?
0
Let u(b) = 13 - 9 - b**3 - 7*b**2 + 2*b**3 + 2*b + 0*b. Let a be (0 + -2)/(2/(-7)). What is the tens digit of u(a)?
1
What is the units digit of 2/(-8) + (-81345)/(-132)?
6
Let k be (20/(-8))/(-5) + 2/(-4). What is the tens digit of (k - 2)/(2/(-107))?
0
Let r = 17 + -20. What is the tens digit of (18 - r)*5/3?
3
Let w(x) = -x**3 + 14*x**2 + 10*x + 12. Let f be w(15). Let o = f - -147. What is the units digit of o?
4
Let n = -74 + 167. What is the units digit of n?
3
Suppose -3*j + 74 - 500 = -2*y, 5*y = -3*j + 1086. Suppose 4*p - d - y + 6 = 0, 2*p - d - 104 = 0. What is the units digit of p?
3
Suppose -5*h - g + 4*g = -24, 6 = 2*h - 3*g. What is the units digit of 333/h*4/3?
4
What is the units digit of (-1)/6 + 31938/36?
7
Let r(n) = n**2 + 3*n + 11. Let x be r(-6). Let k = x - 14. What is the tens digit of ((-10)/6 + 4)*k?
3
Let x be ((-5)/(-15))/(1/6). Suppose g - 13 = -4*z, -3*g + 1 = -x. Suppose -2*j + z*j - 3 = 0. What is the units digit of j?
3
Let i be -3 + 1 + 6 + 1. Let v be (i/(20/(-128)))/1. Let s = -16 - v. What is the tens digit of s?
1
What is the units digit of 1/(-4)*-5420 - (-2)/(-1)?
3
Suppose -10*u = -14*u + w + 7471, -3*u + 4*w = -5613. What is the thousands digit of u?
1
Let u(y) = y**2 + 22*y + 106. What is the units digit of u(16)?
4
Suppose y + 0 = 5, 5*z = -4*y + 470. What is the tens digit of z?
9
Let f(q) = q**3 + 8*q**2 + 9*q + 3. Let b(u) = -u**3 + 9*u**2 - 6*u - 20. Let g be b(8). What is the tens digit of f(g)?
3
Let x = -16 - -38. Let q = -17 - -4. Let h = x + q. What is the units digit of h?
9
Suppose 2203 = -q - l, 2*l = 3*l - 2. What is the units digit of 1*2/4 + q/(-14)?
8
Let i(v) = 14*v**3 - 5*v**2 - 2*v + 5. What is the hundreds digit of i(4)?
8
Let a(y) = -23*y - 27. What is the hundreds digit of a(-11)?
2
Suppose 0 = -8*m + 4*m + 3*s + 32, -33 = -5*m + 2*s. Suppose -214 = -m*f - 9. What is the units digit of f?
1
Let m = 123 - 84. Suppose -38*t + m*t = 3. What is the units digit of t?
3
Let l(s) = 25*s**2 + s. Let u be l(1). Suppose 0 = -3*v - v + 8. Suppose -4 - u = -v*q. What is the units digit of q?
5
Let l = 62 + -30. Suppose -3*k = -8 + l. Let o = k - -21. What is the units digit of o?
3
Let f(q) = -q - 2. Let x = 17 - 22. Let s be f(x). Suppose 0 = -s*a + 7*a - 56. What is the tens digit of a?
1
Let j = -3913 + 6261. What is the tens digit of j?
4
Let v be (-16)/(-6) - 2/3. Suppose v*i = -2*i. Let a(x) = x + 32. What is the tens digit of a(i)?
3
Suppose 5*q = 3*p + 20, -4*q + 4*p + 3 = -21. Let l(w) = -6 - q + 9*w - 2 + 3 + 2*w**2. What is the units digit of l(-7)?
9
Suppose 0 = -5*y + 6669 - 599. What is the tens digit of y?
1
Let l = 1 + -39. Let g = 79 - l. What is the hundreds digit of g?
1
Suppose -3*t - 16*q + 3041 = -12*q, -3*q + 4064 = 4*t. What is the units digit of t?
9
Let m = 3845 - 1807. What is the tens digit of m?
3
Suppose 0*s - 1 = -s. What is the units digit of s/(-2) - (-1003)/34?
9
What is the tens digit of -5 - (19240/(-24) - (-4)/(-12))?
9
Let h(y) = -6*y - 2*y + 4*y - 5*y. Let f be h(-3). Let o = f - 7. What is the units digit of o?
0
Let